List the prime factors of i.
2, 3
Let c be (261 - -1)*((-3)/(-2) + -1). Suppose 3*f - c = -3*p + 61, -3*p + 66 = f. List the prime factors of f.
3, 7
Let t be (37 - 42)*46/(-5). What are the prime factors of (61*3)/(t/276)?
2, 3, 61
Suppose 3*v = -n + 1657, 2*v = 3*n - 3903 - 1090. Suppose -n = -10*w + 507. List the prime factors of w.
7, 31
Suppose 0 = 20*x - 4240 - 5480. Let b = 1263 - x. List the prime factors of b.
3, 7, 37
Let v(k) = -k**3 + k**2 - 5*k + 3. Let p be v(0). Suppose 2*t - 358 = 2*a, -2*a = -p*t + 4*t - 191. What are the prime factors of t?
3, 61
Let p = -62 - -57. Let g(h) = h**2 + 8*h + 15. Let k be g(p). Suppose k = -t - c + 35, -2*c = -4*t - c + 165. What are the prime factors of t?
2, 5
Let u(y) = y + 1. Let h be u(2). Suppose 2*j + 2*v - 724 - 1166 = 0, 3*v - h = 0. What are the prime factors of j?
2, 59
Let q(f) = -32*f + 89. Let u be q(26). Let b = -64 - u. What are the prime factors of b?
7, 97
Let t = 10973 - 3497. What are the prime factors of t?
2, 3, 7, 89
Suppose 0 = -g - 2*f - 2*f - 41, 0 = 3*g - 3*f + 198. Let s = g - -43. What are the prime factors of 56/(-6)*s/12?
2, 7
Let p(x) = -6*x**2 - 16*x + 15. Let w be p(-5). Let f(r) = 125*r + 1. Let t be f(1). Let h = w + t. List the prime factors of h.
71
Let w(b) = -b**3. Let t(i) = i**3 - 3*i**2 + 6*i - 5. Let r(p) = -t(p) - 2*w(p). Let a(s) be the first derivative of r(s). List the prime factors of a(5).
3, 11
Suppose -138*j = -152*j + 118146. What are the prime factors of j?
3, 29, 97
What are the prime factors of (2/3)/((-392)/(-7911099)) - (-8)/(-32)?
2, 7, 31
Let z be 5 - -2 - (3 + 0). Suppose -29*y + 26*y = -z*x + 2482, 4*x = 2*y + 2484. List the prime factors of x.
2, 311
Let m = 44 - 16. Let j = 44 - m. Suppose -3*p + j = -23. What are the prime factors of p?
13
Let l = 133 - -3944. List the prime factors of l.
3, 151
Suppose 7 = 7*m + 21. List the prime factors of 0/m - (-3 - 2 - 1072).
3, 359
Let j be 5/((-30)/(-96)) - (0 - 1). List the prime factors of j/((-17)/(-30))*(-124)/(-10).
2, 3, 31
Suppose 0*t = t - 250. Suppose -3*c - z + 13 = 0, -4*c + 10 = -2*z - 4. Suppose -c*k - 26 = -t. What are the prime factors of k?
2, 7
Suppose 1416256 = 29*p + 56*p - 748524. List the prime factors of p.
2, 6367
Let g = -49 + 66. Let p(j) = j**3 - 17*j**2 - j + 22. Let n be p(g). Suppose -n*v = -6*v + 108. List the prime factors of v.
2, 3
Suppose -2*p - 1788 = 23*q - 22616, -3*p - 3*q = -31179. List the prime factors of p.
10391
Suppose s = -4*d + 55172, 444*s - 449*s = -4*d + 55148. What are the prime factors of d?
2, 431
Let d(p) = 2*p + 33. Let x be d(-14). Suppose -5*i = -4*q + 27, x*q + i - 44 = -3*i. Let v = 39 - q. List the prime factors of v.
31
Suppose m - 17865 = -2*y - 2*m, -y + 3*m = -8955. What are the prime factors of y?
2, 3, 5, 149
Let j(z) = -366*z - 1613. What are the prime factors of j(-29)?
9001
Let x(b) = 106*b + 4401. What are the prime factors of x(-28)?
1433
Suppose -39*w + 2238 = -36*w. Let o = w + -390. List the prime factors of o.
2, 89
Let z = -15 + 22. Suppose 902 + 295 = z*a. List the prime factors of a.
3, 19
Suppose 0 = 5*j - 1 - 19. Suppose j*x - 10*x = 5*x. Suppose -4*p + 113 = -3*y, -p + x*p = 4*y - 52. What are the prime factors of p?
2
Let o(f) = 4*f**2 - f - 2. Suppose 2 = -3*y + 4*y, -3*y + 16 = 2*r. Suppose r*i - 32 = -52. What are the prime factors of o(i)?
2, 3, 11
Suppose 0 = 4*d + 3*d - 0*d. Suppose d = -4*s + 12, -6*s = 4*o - 7*s - 781. What are the prime factors of o?
2, 7
List the prime factors of 24/9 - (-34655)/15.
3, 257
Suppose 0 = 5*s, 0 = 3*z - 4*s + 3 - 9. Suppose 3*a = 2*f - 0*f - 2641, z*a + 6608 = 5*f. List the prime factors of f.
2, 661
Suppose -5*n + 4*u = -196625, -u = -4*n - 5*u + 157264. What are the prime factors of n?
3, 17, 257
Let i = -121 - -114. Let k(t) = 3*t + 37. List the prime factors of k(i).
2
Let v(x) = x**2 - 19*x + 39. Suppose 0 = 122*b - 126*b + 96. List the prime factors of v(b).
3, 53
Let w(s) = 209*s**2 - 106*s - 206. List the prime factors of w(16).
2, 25801
Let l = 986 - 829. Let g = 1100 - l. What are the prime factors of g?
23, 41
Let b(s) = 842*s**2 + 24*s + 13. List the prime factors of b(3).
79, 97
Suppose -699*x = -661*x - 1178380. What are the prime factors of x?
2, 5, 7, 443
Let i be 130/845 - 5696/13. Let b = i - -1023. List the prime factors of b.
3, 5, 13
Suppose -3*x + 222 = -3*w - 252, -x + 166 = -3*w. Suppose 3*h = 0, -5*h + 194 = -3*l - 19. Let u = l + x. What are the prime factors of u?
83
Let a be (-3)/(-6)*(-2 + 12). Let k = a + -6. What are the prime factors of (-3773)/(-42) - k/6?
2, 3, 5
Let y(i) = -i - 19. Let t be y(-21). Suppose s + t*c - 18 = -s, 3*c + 33 = 3*s. Suppose -s*h + 112 = -338. What are the prime factors of h?
3, 5
Suppose -4*i + 8 = 2*c, 7*i - 4*c = 3*i - 16. Suppose i = 3*z - 1582 + 403. What are the prime factors of z?
3, 131
Let o(r) = 17*r**2 - 58*r - 2212. What are the prime factors of o(59)?
7, 7649
Suppose 0 = -4*p - g + 154, 0 = 6*p - 3*p - 3*g - 123. Suppose -580 = -5*f - 4*j, 44*f + 3*j = p*f + 575. List the prime factors of f.
2, 7
Let c = -3896 - -6707. Let o = c + -1331. What are the prime factors of o?
2, 5, 37
Let b(y) = y**2 + 17*y + 75. Let w be b(-10). Suppose -2*m = 4*t - 1030, 9*t + w = 4*t. What are the prime factors of m?
11, 47
Let c(l) = -6*l**3 + 5*l**2 + 3*l + 13. Let p(o) = o**3 - o**2 + 2*o - 1. Let x(g) = c(g) + 3*p(g). List the prime factors of x(-4).
2, 3, 11
Let d = -21101 + 33942. List the prime factors of d.
12841
Suppose -2*j + 7 = 5*g, -5*j + 3*g - 1 + 3 = 0. Suppose 0 = -2*k + 9 + j, 0 = 5*p - 5*k - 2610. Let t = p + -355. List the prime factors of t.
2, 43
Let o be (0 - 73)*(3 - 4). Suppose 0 = 11*a - 6*a + 5*u - 195, -u = 2*a - o. Suppose t = y + 19, 3 = -t - 5*y + a. List the prime factors of t.
3, 7
Let q = 8776 + -5039. What are the prime factors of q?
37, 101
Suppose 2*d = -d - 6, -8 = 2*r + 5*d. Let p be 2*186/(-36) - r/(-3). List the prime factors of p/2*108/(-10).
2, 3
Suppose 17*b - 12*b = 30, 5*y - 149152 = 3*b. List the prime factors of y.
2, 7, 2131
Suppose 12*o + 12 = 9*o. Let n(h) = 12*h**2 - 3*h - 12. Let q be n(o). Suppose 0 = 3*v - q. What are the prime factors of v?
2
Suppose -5*i + 47 = 167. List the prime factors of 4567/7 + 7/((-294)/i).
653
What are the prime factors of ((-5)/(5/6) - (-690165)/21)*1?
3, 1217
Suppose -5*n - 2*d + 50 = -3*d, 1 = -n - 2*d. Let w = -31 + 34. Suppose -w*s + 21 = n. What are the prime factors of s?
2
Let y(n) = -11*n + 169. Let s be y(15). Suppose -228 = s*j - 2012. What are the prime factors of j?
2, 223
Suppose -3*w - 3 = -4*n, 3 = w - 0. Suppose n*k - 10 = -1. List the prime factors of (837/3)/k + (-1 - -3).
5, 19
What are the prime factors of (-4128)/(-108) + -38 + (-577616)/(-18) + 0?
2, 5, 3209
Let t(j) = -2*j**2 + 59*j - 17. Let n be t(13). Suppose 10*o - 1368 = n. List the prime factors of o.
2, 89
Let d = -4563 + 2139. Let o = d + 3500. List the prime factors of o.
2, 269
Let k be (2/13)/(120/39 + -3). Suppose -k*f + 232 = -944. List the prime factors of f.
2, 3, 7
Let x be (-20)/(-5) - ((-3)/(-3) - -1). What are the prime factors of (120/(-16) + x)*-27*2?
3, 11
What are the prime factors of 131510/(-40)*(0 - (18 - -6))?
2, 3, 13151
Let w(h) = 7806*h - 195. List the prime factors of w(2).
3, 571
Suppose -370*o + 2949283 + 1946377 = -81*o. What are the prime factors of o?
2, 5, 7, 11
Suppose -2*m + 4*m = -2*x - 4, 3*x + 2*m = -2. Suppose 787 = 5*q + b, 170 = q + x*b - 6*b. What are the prime factors of q?
2, 79
Let w(u) = -u**3 - 9*u**2 - 9*u. Suppose -10*b - 52 = 38. Let v be w(b). Let c = 222 - v. What are the prime factors of c?
3, 47
Let t(c) = 2 + 2*c + 3*c - c - 3*c. Let z be t(-1). List the prime factors of 1164/9*z - (-20)/30.
2, 5, 13
Let d be 7/((-35)/(-75))*201. Suppose 7*y - d = -8*y. What are the prime factors of y?
3, 67
Suppose -q = 5*d - 25, -6 = -4*d + 14. Suppose 5*a - 3*j - 2585 = q, -2*a = 3*a + 4*j - 2585. List the prime factors of a.
11, 47
Let r = -257 - -317. Let i = r - -11. What are the prime factors of i?
71
Let u(m) = -970*m + 2527. What are the prime factors of u(-8)?
3, 127
Let b = 35901 - 21343. What are the prime factors of b?
2, 29, 251
Let i(q) = 2*q**2 + 31*q - 35. Let w be i(-22). Let r = 532 - w. What are the pri